*d + 5076 + 17814, -2*v - 2*d + 22902 = 0. What is the tens digit of v?
5
Let r(l) = -4*l - 46. Let j be r(-12). Suppose 1560 = j*y - 7*a + 9*a, -2*a = -6. What is the tens digit of y?
7
Suppose -j - 142715 = -13*j + 39937. What is the units digit of j?
1
Let v be 8189/247 + 11/13 + -1. Let c = 49 - v. Suppose -4*j = -4 + c, 0 = 3*b + j - 168. What is the units digit of b?
7
Let n be (-2)/(-8)*-339*-4. What is the tens digit of 12/6 + n + 2?
4
Let z(j) = 18*j**2 + 63*j - 42. What is the units digit of z(28)?
4
Suppose 0 = 3*y + 2*g - 13007, 10*y - 2*g = 7*y + 13015. What is the thousands digit of y?
4
Suppose 0 = -8*q + 9*q - 47. Let a = -48 + q. What is the units digit of (-5 + 158)*-1*(a + 0)?
3
Let j be 15*(2/10 - (6 + -5)). Let i be 3/j - 6660/(-16). Suppose i = 7*m - 3*m + 4*n, 0 = -2*n - 10. What is the units digit of m?
9
Let w = 13675 + -5849. What is the tens digit of w?
2
Let i(k) be the third derivative of -7*k**4/24 - k**3 + 14*k**2. Let o be -9 + (3 - 3) + 1 + -2. What is the units digit of i(o)?
4
Let x(m) = -m**3 + 11*m**2 + 14. Let p be x(11). Let j be p/21*(0 + -108). Let u = 148 + j. What is the units digit of u?
6
Suppose 0 = -5*m + 2*t + 4426, 0 = -4*t + 8. Let d = 1116 - m. What is the units digit of d?
0
Suppose 5*d - 3 = 2, 3 = 2*s - 3*d. Let l = 135 - s. What is the units digit of l?
2
Suppose 4*z + 12582 = t, 4*t + z - 49861 - 535 = 0. What is the ten thousands digit of t?
1
Let c(a) = -a**2 + 11*a + 28. Let l be c(13). Let d(m) = 202*m + 13. What is the tens digit of d(l)?
1
Let m(k) be the third derivative of k**5/12 - k**4/8 + k**3/3 - 3*k**2. Let o be m(1). Suppose -2*s = -o*g - 66, g + g = 3*s - 83. What is the units digit of s?
5
Suppose -6*p + 1441 = -1361. Let k = -241 + p. What is the tens digit of k?
2
Suppose -11*c + 168 = -129. What is the units digit of (-52156)/(-117) + (1 - 21/c)?
6
Suppose 269*u - 1806 = 266*u. Suppose -u = 3*s + x - 2017, 0 = -2*s + x + 945. What is the tens digit of s?
7
Suppose 30*q = 21*q + 27. What is the hundreds digit of (10/q)/5 + 8368/12?
6
Let f = 1202 + 1102. Suppose 4*t + 38*q - 42*q = f, 0 = 2*q. What is the units digit of t?
6
Suppose -5*d = 4*r - 2370, 2*d = 5*r - 3*r - 1176. Let j = -391 + r. What is the units digit of j?
9
Suppose -1961 = -4*p + d, d = 5*p + 4*d - 2430. Suppose 5*r = -4*b - p + 166, -5*r - b = 317. What is the tens digit of ((r/4)/(-7))/(5/60)?
2
Let o(w) = 6611*w - 399. What is the units digit of o(2)?
3
Suppose 0 = 5*v + 3*c - 3367, -c - 1908 = -2*v - 559. Suppose 2*o - v = 482. What is the hundreds digit of o?
5
Suppose -152*k = 1191805 - 2984341. What is the hundreds digit of k?
7
What is the thousands digit of 4/((-8)/66)*140178/(-549)?
8
Suppose 2*y - 6 = 4. Suppose -5*i + 265 = y*z, -28 + 130 = 2*z + 4*i. Suppose 2*b - 37 = z. What is the units digit of b?
6
Let w(o) = 2*o**2 - 89*o + 1547. What is the tens digit of w(74)?
1
Let z(k) = -17*k**2 + 27*k + 1. Let r(g) = 8*g**2 - 13*g. Let p = -30 - -43. Let h(f) = p*r(f) + 6*z(f). What is the units digit of h(7)?
5
What is the tens digit of 41960*28/98 - (-3)/(21/(-4))?
8
Let l(c) = 82*c**2 - 30*c + 399. What is the tens digit of l(13)?
6
Let f(m) = 27*m + 203. Let a(v) = 13*v + 101. Let c(p) = -11*a(p) + 6*f(p). What is the units digit of c(-5)?
2
Let s be -3 + 6 + -1 - -1. Let v be -1 + 4*(-4 + s)/2. What is the units digit of v + ((-5 - -3) + 3)*17?
4
Let f = 5373 + -3342. What is the thousands digit of f?
2
Let a = 11 + -2. Let z(u) = 17 - 16 + 21*u - u**2 + a. What is the units digit of z(21)?
0
Let j(b) = -5242*b + 72. What is the hundreds digit of j(-1)?
3
Suppose -2*i + p + 2*p = -1442, 0 = i + 4*p - 710. Let a = 344 + i. What is the thousands digit of a?
1
Let u(z) = z**2 + 6*z - 12. Let l be u(-8). Suppose 3*k - 21 = -l*k. Suppose 12*w = k*w + 882. What is the units digit of w?
8
What is the hundreds digit of (-3 - (-377980)/24) + -7*(-2)/(-84)?
7
Let k(w) = 3*w**2 + 33*w + 28. Let p be k(-22). Let o = p + -172. What is the hundreds digit of o?
5
Let t(w) = -w**3 - 139*w**2 - 89*w + 1071. What is the thousands digit of t(-139)?
3
Let o = -57 + 8. Let j be -1*95 + (-5 + 1)*-1. Let z = o - j. What is the tens digit of z?
4
Let v(p) = -269*p + 1143. What is the thousands digit of v(-24)?
7
Let a(z) = z**3 - 133*z**2 + 120*z + 669. What is the ten thousands digit of a(133)?
1
Let q(l) be the second derivative of -1/20*l**5 - 1/4*l**4 - 47*l + 0 - 7*l**2 + 7/6*l**3. What is the hundreds digit of q(-7)?
1
Let w(z) = -z**2 + 10*z + 18. Let q(p) = 2*p**2 - p**2 + 0*p**2 - 7*p - 19 - 4*p. Let r(u) = 2*q(u) + 3*w(u). What is the units digit of r(9)?
7
Let i(x) = -112*x + 555. Let b(l) = 167*l - 832. Let g(z) = 5*b(z) + 7*i(z). What is the tens digit of g(23)?
9
Suppose 2*i - 327*p - 56567 = -322*p, -3*i - 3*p = -84819. What is the units digit of i?
6
Let m(k) = 5831*k + 143. What is the hundreds digit of m(1)?
9
Suppose -195775 = -1824*g + 1799*g. What is the thousands digit of g?
7
Suppose 0 = -4*t - 3*o + 23, -5*t + 2*o = -o + 5. Suppose t*m + 510 + 762 = h, 4*h + 5*m - 5127 = 0. What is the units digit of h?
8
Suppose -c = -3*x + 2, 3*c - x = 6 + 4. Suppose -3*m - 21 = -3*n - 0, c*m + 38 = 5*n. Let g(p) = 2*p**2 - 13*p + 5. What is the tens digit of g(n)?
7
Let x = 17 + -13. Suppose 0 = -x*v + 5*t + 989, -4*v + v + 738 = -5*t. Suppose 0 = -3*y - w + 257, -3*y - w + 3*w + v = 0. What is the units digit of y?
5
Let s be -5*((-803)/15 + (-8)/12). Suppose 6*k - 3*k = -4*c + 412, s = 2*k - c. Let x = k + -28. What is the units digit of x?
8
Let y(q) = 2*q**3 - 9*q**2 + 12*q + 16. Let k be y(12). Suppose -2228 = -5*b - 4*a, -4*b + 2*a + k = 522. What is the tens digit of b?
4
Let l(g) = -g**3 - 13*g**2 + 16*g - 5. Let q be l(-11). Let h = q - -805. Suppose 5*n - 75 = -4*t + h, -3*t + 341 = 2*n. What is the hundreds digit of t?
1
Let t(v) = 8*v**2 + 7*v + 0*v - 6*v - 2*v**2 + 5. Suppose 0*l = -3*l - 9. What is the units digit of t(l)?
6
Let k(p) be the first derivative of 27*p**2 - 217*p - 211. What is the tens digit of k(23)?
2
Suppose 93535 = -18*x + 276595. What is the hundreds digit of x?
1
Let n = 224 + -73. Suppose 34 = h - 52. Let l = n - h. What is the units digit of l?
5
Suppose 3*i + h = 6, -4*h = -i - 8*h - 9. Suppose -5*q - i*x + 575 + 3890 = 0, 2*x - 3574 = -4*q. What is the tens digit of q?
9
Suppose 3*k + 2559 = 4509. What is the units digit of k?
0
Let i(q) = -5*q - 12*q**2 + 3*q**3 + 24*q**2 - 8*q**2 + 1. What is the units digit of i(4)?
7
Let p(j) = 8*j - 187 + 207 + 10*j. What is the tens digit of p(10)?
0
Suppose -308*f + 1924480 = 14*f + 66*f. What is the hundreds digit of f?
9
Suppose 0 = -2*o - 5*h - 31, 0*o - 2 = 4*o - 2*h. Let l(r) = 9*r**2 + 3*r + 12. What is the units digit of l(o)?
4
Let j(f) = -f**3 + 17*f**2 + 31*f - 10. Let h be j(14). Suppose 3*g - h = 2*x, -3*x + 4 = -5*x. What is the tens digit of g?
3
Suppose -3*d = -3*w + 6, 5*d + 2*w = 15 - 11. Let t(g) = -g**2 + 8*g + 296. What is the units digit of t(d)?
6
Suppose -7310 = -89*x + 84*x. Let z = -691 + x. What is the tens digit of z?
7
Let g be (-1)/(9/52 - 1/4). Suppose -5136 = k - g*k. What is the units digit of k?
8
Suppose -2*j + 49 - 45 = 0, -4*k + j + 13070 = 0. What is the tens digit of k?
6
Let f = -977 + 978. Suppose 0 = -5*y + 39 - 4. What is the hundreds digit of (5 - y)*(-76)/f?
1
Let n(f) = -f**3 + 12*f**2 - f - 6. Let i be n(8). Suppose 51 = -6*q + 27, 0 = -2*c + 3*q + 34. Suppose 3*u - i = -c. What is the tens digit of u?
7
Suppose 4*x + 2*u = 7*x - 73, 2*x = 4*u + 54. Suppose 7*y = x*y - 2768. What is the hundreds digit of y?
1
Suppose 24*a - 41644 = -5*a. What is the units digit of a?
6
Let d be 2/(8984/6756 - (-8)/(-6)). Let q = 1573 + d. What is the hundreds digit of q?
0
Suppose 3*h - 13*o - 6 = -18*o, 0 = -4*o. Let y(q) = 11*q**2 + q + 12. Let b(g) = -5*g**2 - 6. Let l(v) = -9*b(v) - 4*y(v). What is the units digit of l(h)?
2
What is the hundreds digit of (-399)/(33 - 14) + 41154?
1
Let u(c) = -454*c + 392. What is the hundreds digit of u(-8)?
0
Let x(p) = 3*p - 18. Let u be x(7). Suppose g - 691 = -3*c, -u*c + 654 + 31 = -5*g. What is the tens digit of (-6)/(-24) - c/(-8)?
2
What is the hundreds digit of 5/(14/(-331688)*-20)?
9
Let v(a) = -4*a + 45. Let d(n) = n - 92. Let o(l) = -2*l. Let q